{"id":7,"date":"2015-04-24T12:41:54","date_gmt":"2015-04-24T12:41:54","guid":{"rendered":"http:\/\/www.psyenyvelines.com\/?page_id=7"},"modified":"2025-01-01T19:53:27","modified_gmt":"2025-01-01T19:53:27","slug":"reiki","status":"publish","type":"page","link":"https:\/\/www.psyenyvelines.com\/?page_id=7","title":{"rendered":"Reiki"},"content":{"rendered":"<p class=\"Style1 Style2\" align=\"center\"><span style=\"font-size: 20px; font-family: 'Trebuchet MS', Geneva;\"><strong>Formations au Reiki<\/strong><\/span><\/p>\n<p class=\"Style1 Style2\" align=\"center\"><a href=\"http:\/\/www.psyenyvelines.com\/wp-content\/uploads\/2015\/04\/reiki1.jpg\"><img loading=\"lazy\" decoding=\"async\" class=\"aligncenter wp-image-35\" src=\"http:\/\/www.psyenyvelines.com\/wp-content\/uploads\/2015\/04\/reiki1-263x350.jpg\" alt=\"\" width=\"261\" height=\"347\" srcset=\"https:\/\/www.psyenyvelines.com\/wp-content\/uploads\/2015\/04\/reiki1-263x350.jpg 263w, https:\/\/www.psyenyvelines.com\/wp-content\/uploads\/2015\/04\/reiki1-768x1024.jpg 768w, https:\/\/www.psyenyvelines.com\/wp-content\/uploads\/2015\/04\/reiki1.jpg 1728w\" sizes=\"auto, (max-width: 261px) 100vw, 261px\" \/><\/a><\/p>\n<p><span style=\"font-size: 16px; font-family: 'Trebuchet MS', Geneva;\">Je pratique le Reiki depuis 1991 et suis <em><strong>Ma\u00eetre de Reiki depuis <\/strong><\/em><\/span><span style=\"font-size: 16px; font-family: 'Trebuchet MS', Geneva;\"><em><strong>31 ans<\/strong><\/em>. Je l&#8217;enseigne depuis ce moment l\u00e0. Je participe \u00e0 de tr\u00e8s nombreuses <em><strong>rencontres entre Ma\u00eetres de Reiki<\/strong><\/em>, tant en France qu&#8217;\u00e0 l&#8217;\u00e9tranger et ces \u00e9changes m&#8217;ont toujours <strong><em>nourrie et enrichie<\/em><\/strong> et le font encore. Je propose le Reiki en <em><strong>s\u00e9ances individuelles<\/strong><\/em> et l&#8217;enseigne en <strong><em>stages<\/em><\/strong>.\u00a0<\/span><\/p>\n<p class=\"Style32\"><img loading=\"lazy\" decoding=\"async\" class=\"aligncenter size-medium wp-image-175\" src=\"http:\/\/www.psyenyvelines.com\/wp-content\/uploads\/2017\/03\/image-6-261x350.jpeg\" alt=\"image\" width=\"261\" height=\"350\" srcset=\"https:\/\/www.psyenyvelines.com\/wp-content\/uploads\/2017\/03\/image-6-261x350.jpeg 261w, https:\/\/www.psyenyvelines.com\/wp-content\/uploads\/2017\/03\/image-6-768x1028.jpeg 768w, https:\/\/www.psyenyvelines.com\/wp-content\/uploads\/2017\/03\/image-6-765x1024.jpeg 765w, https:\/\/www.psyenyvelines.com\/wp-content\/uploads\/2017\/03\/image-6.jpeg 1536w\" sizes=\"auto, (max-width: 261px) 100vw, 261px\" \/><\/p>\n<p class=\"Style32\"><span style=\"font-size: 16px; font-family: 'Trebuchet MS', Geneva;\">Le Reiki est une m\u00e9thode naturelle d&#8217;harmonisation \u00e9nerg\u00e9tique qui se pratique <em><strong>pour soi-m\u00eame en premier<\/strong><\/em>. C&#8217;est une pratique ancestrale et une tradition orale, mise sous la forme d&#8217;un <em><strong>enseignement pr\u00e9cis<\/strong><\/em> par Mikao Usui, Chujiro Hayashi, Hawayo Takata, Phyllis Lei Furumoto et Johannes Reindl.<\/span><\/p>\n<p class=\"Style32\"><span style=\"font-size: 16px; font-family: 'Trebuchet MS', Geneva;\">Ma lign\u00e9e de Reiki est celle des quatre premiers Ma\u00eetres cit\u00e9s ci-dessus, puis Ton Driessen, qui m&#8217;a init\u00e9e \u00e0 la maitrise de Reiki, lui-m\u00eame initi\u00e9 par Phyllis Furumoto.<\/span><\/p>\n<p class=\"Style32\"><span style=\"font-size: 16px; font-family: 'Trebuchet MS', Geneva;\">Les bienfaits sont nombreux et comprennent la relaxation, la <strong><em>d\u00e9tente<\/em><\/strong>, le ressourcement, une meilleure \u00e9nergie, la clarification du mental, et une <em><strong>meilleure qualit\u00e9 de vie<\/strong><\/em>. Cette m\u00e9thode simple et naturelle peut s&#8217;appliquer \u00e0 soi-m\u00eame et \u00e0 d&#8217;autres personnes. Il est n\u00e9cessaire d&#8217;utiliser la m\u00e9thode pour soi-m\u00eame si l&#8217;on souhaite ensuite en faire b\u00e9n\u00e9ficier d&#8217;autres personnes. On se transforme en pratiquant le Reiki, comme en faisant toute d\u00e9marche th\u00e9rapeutique. Et c&#8217;est de cette transformation que l&#8217;on peut partager ou transmettre ce que l&#8217;on a acquis par son <em><strong>exp\u00e9rience personnelle<\/strong><\/em>.<\/span><\/p>\n<p class=\"Style32\"><span style=\"font-size: 16px; font-family: 'Trebuchet MS', Geneva;\">Le Reiki permet de se r\u00e9g\u00e9n\u00e9rer profond\u00e9ment, physiquement, c&#8217;est-\u00e0-dire physiologiquement, autant que mentalement. Il peut \u00eatre associ\u00e9 \u00e0 ce que Peter Levine, Dr. en Psychologie et en Biophysique, sp\u00e9cialiste am\u00e9ricain reconnu du traitement des traumatismes, appelle <em><strong>&#8220;l&#8217;\u00e9quilibre dynamique&#8221;<\/strong><\/em> auquel on peut revenir et qui contribue \u00e0 se construire une <strong>&#8220;r\u00e9silience robuste&#8221;<\/strong>. Il permet de se donner une<em><strong> &#8220;demeure s\u00fbre \u00e0 l&#8217;int\u00e9rieur de notre organisme&#8221;.<\/strong><\/em> Peter Levine &#8220;In an unspoken voice, How the body releases trauma and restores goodness&#8221; (Avec une voix non verbale; comment le corps rel\u00e2che les traumas et se restaure). La pratique du Reiki permet \u00e0 chacun de <em><strong>restaurer son meilleur \u00e9quilibre possible<\/strong><\/em>, en dynamisant toutes <em><strong>ses ressources<\/strong><\/em> naturelles.<\/span><\/p>\n<p class=\"Style32\"><span style=\"font-size: 16px; font-family: 'Trebuchet MS', Geneva;\">Le Reiki est utilis\u00e9 dans un certain nombre<em><strong>\u00a0d&#8217;h\u00f4pitaux,<\/strong><\/em> en France et dans d&#8217;autres pays.<\/span><\/p>\n<p class=\"Style32\"><span style=\"font-size: 16px; font-family: 'Trebuchet MS', Geneva;\">La pratique du Reiki <em><strong>ne remplace pas la consultation d&#8217;un m\u00e9decin<\/strong><\/em> en cas de maladie ou de question de sant\u00e9. Elle est un compl\u00e9ment \u00e0 tout traitement ou soin, tr\u00e8s simple, accessible imm\u00e9diatement et utile.<\/span><\/p>\n<p class=\"Style32\"><span style=\"font-size: 16px; font-family: 'Trebuchet MS', Geneva;\">Le 1er degr\u00e9 s&#8217;adresse \u00e0 celles et ceux qui sont attir\u00e9s par cette approche. Le 2\u00e8me degr\u00e9 n\u00e9cessite une pratique personnelle r\u00e9guli\u00e8re du 1er degr\u00e9. La ma\u00eetrise comprend une pratique personnelle r\u00e9guli\u00e8re et approfondie du 1er et 2\u00e8me degr\u00e9.<\/span><\/p>\n<p class=\"Style32\"><span style=\"font-size: 16px; font-family: 'Trebuchet MS', Geneva;\">\u00a0<strong>Voici quelques t\u00e9moignages de personnes que j&#8217;ai initi\u00e9es au Reiki <\/strong>:<\/span><\/p>\n<p class=\"Style32\"><span style=\"font-size: 16px; font-family: 'Trebuchet MS', Geneva;\"><em>&#8220;Je suis tr\u00e8s \u00e9tonn\u00e9e de d\u00e9couvrir la profondeur du ressenti, moi qui ne ressens pas beaucoup&#8221;<\/em><\/span><\/p>\n<p class=\"Style32\"><span style=\"font-size: 16px; font-family: 'Trebuchet MS', Geneva;\"><em>&#8220;Ce qui m&#8217;a le plus impressionn\u00e9e quand je tenais sa t\u00eate dans mes mains : je me suis rendue compte que je tenais le sacr\u00e9 dans mes mains&#8221;<\/em><\/span><\/p>\n<p class=\"Style32\"><span style=\"font-size: 16px; font-family: 'Trebuchet MS', Geneva;\"><em>&#8220;J&#8217;ai senti tout mon corps sourire&#8221;<\/em><\/span><\/p>\n<p class=\"Style32\"><span style=\"font-size: 16px; font-family: 'Trebuchet MS', Geneva;\"><em>&#8220;C&#8217;est une connexion \u00e0 l&#8217;\u00eatre&#8221;<\/em><\/span><\/p>\n<p class=\"Style32\"><span style=\"font-size: 16px; font-family: 'Trebuchet MS', Geneva;\"><em>\u00a0<\/em><\/span><\/p>\n","protected":false},"excerpt":{"rendered":"<p>Formations au Reiki Je pratique le Reiki depuis 1991 et suis Ma\u00eetre de Reiki depuis 31 ans. Je l&#8217;enseigne depuis ce moment l\u00e0. Je participe \u00e0 de tr\u00e8s nombreuses rencontres entre Ma\u00eetres de Reiki, tant en France qu&#8217;\u00e0 l&#8217;\u00e9tranger et ces \u00e9changes m&#8217;ont toujours nourrie et enrichie et le font encore. Je propose le Reiki &hellip; <a href=\"https:\/\/www.psyenyvelines.com\/?page_id=7\" class=\"more-link\">Continuer la lecture de <span class=\"screen-reader-text\">Reiki<\/span><\/a><\/p>\n","protected":false},"author":1,"featured_media":0,"parent":0,"menu_order":0,"comment_status":"closed","ping_status":"closed","template":"","meta":{"footnotes":""},"class_list":["post-7","page","type-page","status-publish","hentry"],"_links":{"self":[{"href":"https:\/\/www.psyenyvelines.com\/index.php?rest_route=\/wp\/v2\/pages\/7","targetHints":{"allow":["GET"]}}],"collection":[{"href":"https:\/\/www.psyenyvelines.com\/index.php?rest_route=\/wp\/v2\/pages"}],"about":[{"href":"https:\/\/www.psyenyvelines.com\/index.php?rest_route=\/wp\/v2\/types\/page"}],"author":[{"embeddable":true,"href":"https:\/\/www.psyenyvelines.com\/index.php?rest_route=\/wp\/v2\/users\/1"}],"replies":[{"embeddable":true,"href":"https:\/\/www.psyenyvelines.com\/index.php?rest_route=%2Fwp%2Fv2%2Fcomments&post=7"}],"version-history":[{"count":9,"href":"https:\/\/www.psyenyvelines.com\/index.php?rest_route=\/wp\/v2\/pages\/7\/revisions"}],"predecessor-version":[{"id":260,"href":"https:\/\/www.psyenyvelines.com\/index.php?rest_route=\/wp\/v2\/pages\/7\/revisions\/260"}],"wp:attachment":[{"href":"https:\/\/www.psyenyvelines.com\/index.php?rest_route=%2Fwp%2Fv2%2Fmedia&parent=7"}],"curies":[{"name":"wp","href":"https:\/\/api.w.org\/{rel}","templated":true}]}}