{"id":2,"date":"2020-12-17T13:37:00","date_gmt":"2020-12-17T13:37:00","guid":{"rendered":"http:\/\/psyenyvelines.apps-1and1.net\/?page_id=2"},"modified":"2025-01-01T20:10:10","modified_gmt":"2025-01-01T20:10:10","slug":"sample-page","status":"publish","type":"page","link":"https:\/\/www.psyenyvelines.com\/","title":{"rendered":"Accueil"},"content":{"rendered":"<p style=\"text-align: center;\"><span style=\"font-size: 20px;\"><strong><span style=\"font-family: 'Trebuchet MS', Geneva;\">Rachel Izsak<\/span><\/strong><\/span><\/p>\n<p><span style=\"font-family: 'Trebuchet MS', Geneva; font-size: 16px;\">Je suis Th\u00e9rapeute en Psychoth\u00e9rapies, pour adultes et couples, en Int\u00e9gration du Cycle de la Vie, Approche IMAGO, Ma\u00eetre de Reiki, formatrice, et auteur.<\/span><\/p>\n<p><span style=\"font-family: 'Trebuchet MS', Geneva; font-size: 16px;\"><img loading=\"lazy\" decoding=\"async\" class=\"aligncenter size-medium wp-image-185\" src=\"https:\/\/www.psyenyvelines.com\/wp-content\/uploads\/2015\/04\/image-6-297x350.jpeg\" alt=\"\" width=\"297\" height=\"350\" srcset=\"https:\/\/www.psyenyvelines.com\/wp-content\/uploads\/2015\/04\/image-6-297x350.jpeg 297w, https:\/\/www.psyenyvelines.com\/wp-content\/uploads\/2015\/04\/image-6.jpeg 440w\" sizes=\"auto, (max-width: 297px) 100vw, 297px\" \/><\/span><\/p>\n<p><span style=\"font-family: 'Trebuchet MS', Geneva; font-size: 16px;\">J&#8217;ai eu un premier parcours professionnel en communication et relations publiques en entreprises. Depuis plus de 20 ans, j&#8217;accompagne des personnes en psychoth\u00e9rapies individuelles et de couples, j&#8217;anime des formations, des stages et certaines ann\u00e9es un groupe de th\u00e9rapie. J&#8217;ai eu la joie d&#8217;\u00e9crire et de voir publi\u00e9s, et r\u00e9\u00e9dit\u00e9s, deux livres sur des sujets importants pour moi, le besoin et le d\u00e9sir d&#8217;enfant et la relation entre les parents et leur b\u00e9b\u00e9.<\/span><\/p>\n<p><span style=\"font-family: 'Trebuchet MS', Geneva; font-size: 16px;\">J&#8217;ai beaucoup de plaisir \u00e0 <em><strong>accompagner des personnes qui cherchent \u00e0 am\u00e9liorer leur vie<\/strong><\/em>. Certains trouvent leur vie difficile \u00e0 vivre, ou n&#8217;arrivent pas \u00e0 obtenir les satisfactions souhait\u00e9es, se trouvent confront\u00e9s toujours aux m\u00eames probl\u00e9matiques et cherchent \u00e0 <em><strong>arr\u00eater ces r\u00e9p\u00e9titions<\/strong><\/em> et en sortir. D&#8217;autres ont d\u00e9j\u00e0 beaucoup consult\u00e9 et esp\u00e8rent que cette fois-ci sera la bonne pour arriver enfin \u00e0 <em><strong>se sentir dans leur vie et non \u00e0 c\u00f4t\u00e9<\/strong><\/em>, \u00e0 <strong>vivre<\/strong> <strong>pleinement<\/strong>, en <em><strong>coh\u00e9rence<\/strong><\/em> avec eux-m\u00eames physiquement, \u00e9motionnellement et spirituellement. Et j&#8217;accompagne aussi ceux qui viennent de vivre <em><strong>un choc \u00e9motionnel<\/strong><\/em>, entre autres dans une relation affective, mais pas seulement, et qui cherchent \u00e0 <em><strong>aller de l&#8217;avant<\/strong><\/em> sans savoir comment survivre puis <em><strong>vivre \u00e0 nouveau<\/strong><\/em>.<\/span><\/p>\n<p><span style=\"font-family: 'Trebuchet MS', Geneva; font-size: 16px;\">Je me suis form\u00e9e \u00e0 diff\u00e9rentes approches, au fur et \u00e0 mesure des ann\u00e9es. J&#8217;ai commenc\u00e9 par des <em><strong>m\u00e9thodes\u00a0\u00e9nerg\u00e9tiques et corporelles<\/strong><\/em>. Puis je me suis rendue compte que <em><strong>la parole<\/strong><\/em>, dans une relation th\u00e9rapeutique, m&#8217;\u00e9tait n\u00e9cessaire pour aider les personnes qui venaient me consulter \u00e0 <em><strong>int\u00e9grer<\/strong><\/em> des niveaux diff\u00e9rents de prises de conscience et de <em><strong>changements<\/strong><\/em>. <\/span><\/p>\n<p><span style=\"font-family: 'Trebuchet MS', Geneva; font-size: 16px;\">Je me suis donc ensuite orient\u00e9e vers des approches psychoth\u00e9rapeutiques. La plus r\u00e9cente, bien que cela fasse d\u00e9j\u00e0 plusieurs ann\u00e9es que je la pratique, est l&#8217;Int\u00e9gration du Cycle de la Vie (ICV) &#8211; Lifespan Integration, qui permet d&#8217;int\u00e9grer diff\u00e9rentes parties de soi et de renforcer et consolider son \u00eatre profond. On d\u00e9veloppe une plus grande estime de soi et un confort de vie s&#8217;installe peu \u00e0 peu et d\u00e9finitivement.<\/span><\/p>\n<p><span style=\"font-family: 'Trebuchet MS', Geneva; font-size: 16px;\">Pour cette approche comme pour toutes les autres, ce sont des th\u00e9rapies que j&#8217;ai <em><strong>d&#8217;abord v\u00e9cues pour moi-m\u00eame<\/strong><\/em> avant de m&#8217;y <em><strong>former<\/strong><\/em> puis d&#8217;<em><strong>accompagner<\/strong> <\/em>mes patients, selon leurs demandes, leurs besoins et pr\u00e9f\u00e9rences.<\/span><\/p>\n<p><span style=\"font-family: 'Trebuchet MS', Geneva; font-size: 16px;\">J&#8217;accueille <em><strong>chacun avec son histoire particuli\u00e8re<\/strong><\/em> et sa personnalit\u00e9, ses habitudes et ses orientations affectives, religieuses et spirituelles.<\/span><\/p>\n<p><span style=\"font-family: 'Trebuchet MS', Geneva; font-size: 16px;\">Voir le visage d&#8217;une m\u00e8re s&#8217;\u00e9clairer quand elle arrive \u00e0 voir que son b\u00e9b\u00e9 la regarde, elle, dans les yeux. Observer les transformations d&#8217;une personne quand elle se sent totalement respect\u00e9e, entendue, quoiqu&#8217;elle dise. Voir une relation s&#8217;\u00e9panouir, un chemin complexe \u00eatre d\u00e9broussaill\u00e9, une troisi\u00e8me voie appara\u00eetre, se d\u00e9ployer, ce sont des moments que j&#8217;ai le plaisir de vivre gr\u00e2ce \u00e0 mes clients.<\/span><\/p>\n<p><span style=\"font-family: 'Trebuchet MS', Geneva; font-size: 16px;\">Je suis reconnaissante \u00e0 tous mes formateurs de tout ce qu&#8217;ils m&#8217;ont apport\u00e9e, \u00e0 titre professionnel et personnel.<\/span><\/p>\n<ul>\n<li><span style=\"font-family: 'Trebuchet MS', Geneva; font-size: 16px;\">Int\u00e9gration du Cycle de la Vie (<a href=\"http:\/\/www.LifespanIntegration.com\" target=\"_blank\" rel=\"noopener noreferrer\">Lifespan Integration<\/a>) avec Peggy Pace, puis plusieurs autres formateurs, th\u00e9rapeutes ICV et superviseurs ICV<\/span><\/li>\n<li><span style=\"font-family: 'Trebuchet MS', Geneva; font-size: 16px;\">Coaching de Couples, approche IMAGO (Formation Association IMAGO France &#8211; \u00e9galement avec<\/span><span style=\"font-family: 'Trebuchet MS', Geneva; font-size: 16px;\">\u00a0<a href=\"http:\/\/www.HedyYumi.org\" target=\"_blank\" rel=\"noopener noreferrer\">Hedy et Yumi Schleifer<\/a>, Relationship builders)<\/span><\/li>\n<li>Approche IMAGO pour les s\u00e9ances individuelles (Sophie Slade, formatrice et Superviseuse IMAGO International)<\/li>\n<li><span style=\"font-family: 'Trebuchet MS', Geneva; font-size: 16px;\">Approches Psychoth\u00e9rapeutiques (dont Facult\u00e9 de psychologie Nanterre, psychopathologie avec les psychiatres Dr. Coret et Dr. Fribourg-Blanc (Savoir Psy)<\/span><\/li>\n<li><span style=\"font-family: 'Trebuchet MS', Geneva; font-size: 16px;\">Accompagnement psycho-corporel et Sensitive Gestalt Massage aupr\u00e8s de l&#8217;Institut Fran\u00e7ais de Formation Psychocorporelle avec Ulla Bandelow, et Massage adultes aux Etats-Unis<\/span><\/li>\n<li><span style=\"font-family: 'Trebuchet MS', Geneva; font-size: 16px;\">Grammaire \u00e9motionnelle avec Isabelle Filliozat<\/span><\/li>\n<li><span style=\"font-family: 'Trebuchet MS', Geneva; font-size: 16px;\">Massage parents-b\u00e9b\u00e9 avec L&#8217;International Association of Infant Massage, Etats-Unis et Institut Fran\u00e7ais de Formation Psychocorporelle<\/span><\/li>\n<li><span style=\"font-family: 'Trebuchet MS', Geneva; font-size: 16px;\">D.U. Soins palliatifs \u00e0 l&#8217;h\u00f4pital Paul Brousse de Villejuif<\/span><\/li>\n<li><span style=\"font-family: 'Trebuchet MS', Geneva; font-size: 16px;\">Reiki et Energ\u00e9tique : Ma\u00eetrise de Reiki avec Ton Driessen, Usui Shiki Ryoho; Healing Touch en h\u00f4pital aux Etats-Unis<\/span><\/li>\n<li><span style=\"font-family: 'Trebuchet MS', Geneva; font-size: 16px;\">Ki-A\u00efkido et l&#8217;Art de la relation avec Paul Mitchell, Ma\u00eetre en A\u00efkido et Ma\u00eetre de Reiki<\/span><\/li>\n<li><span style=\"font-family: 'Trebuchet MS', Geneva; font-size: 16px;\">Th\u00e9rapie Familiale et transg\u00e9n\u00e9rationnelle (Constellations Familiales avec Sama\u00ef et G\u00e9rard Fossat, Liens Psy, et avec Bert Hellinger, cr\u00e9ateur de la m\u00e9thode)<\/span><\/li>\n<li><span style=\"font-family: 'Trebuchet MS', Geneva; font-size: 16px;\">Je suis depuis 1991 les Enseignements bouddhistes et de M\u00e9ditation de Ji Kwang\u00a0<a href=\"http:\/\/www.lotussangha.org\" target=\"_blank\" rel=\"noopener noreferrer\">Dae Poep Sa Nim<\/a>, Supr\u00eame Matriarche, fondatrice de la D\u00e9nomination Yun Hwa du Bouddhisme Social Mondial (www.yunhwasangha.org)<\/span><\/li>\n<\/ul>\n<p><span style=\"font-family: 'Trebuchet MS', Geneva; font-size: 16px;\">Je continue \u00e0 m&#8217;enrichir r\u00e9guli\u00e8rement lors de formations, et en supervision r\u00e9guli\u00e8re aupr\u00e8s de professionnels reconnus.<\/span><\/p>\n<p><span style=\"font-family: 'Trebuchet MS', Geneva; font-size: 16px;\">Je suis affili\u00e9e au SNPPsy, <a href=\"http:\/\/www.snppsy.org\/\" target=\"_blank\" rel=\"noopener noreferrer\">Syndicat des Praticiens en Psychoth\u00e9rapie et Psychoth\u00e9rapeutes relationnels et Psychanalystes<\/a>, \u00e0 l&#8217;AFICV\u00a0 (Association Fran\u00e7aise d&#8217;Int\u00e9gration du Cycle de la Vie) et \u00e0 l&#8217;Association IMAGO France.<\/span><\/p>\n<p><span style=\"font-family: 'Trebuchet MS', Geneva; font-size: 16px;\">Je vous propose&#8230;\u00a0<\/span><\/p>\n<ul>\n<li><span style=\"font-family: 'Trebuchet MS', Geneva; font-size: 16px;\">Des Th\u00e9rapies individuelles<\/span><\/li>\n<li><span style=\"font-family: 'Trebuchet MS', Geneva; font-size: 16px;\">Des Th\u00e9rapies et accompagnement de couples<\/span><\/li>\n<li><span style=\"font-family: 'Trebuchet MS', Geneva; font-size: 16px;\">Des Constellations familiales<\/span><\/li>\n<li><span style=\"font-family: 'Trebuchet MS', Geneva; font-size: 16px;\">Des formations en Reiki\u00a0<\/span><\/li>\n<li><span style=\"font-family: 'Trebuchet MS', Geneva; font-size: 16px;\">Deux livres publi\u00e9s<\/span><\/li>\n<\/ul>\n<p><span style=\"font-family: 'Trebuchet MS', Geneva; font-size: 16px;\">Et mon \u00e9coute et ma pr\u00e9sence attentive dans une approche personnalis\u00e9e.<\/span><\/p>\n","protected":false},"excerpt":{"rendered":"<p>Rachel Izsak Je suis Th\u00e9rapeute en Psychoth\u00e9rapies, pour adultes et couples, en Int\u00e9gration du Cycle de la Vie, Approche IMAGO, Ma\u00eetre de Reiki, formatrice, et auteur. J&#8217;ai eu un premier parcours professionnel en communication et relations publiques en entreprises. Depuis plus de 20 ans, j&#8217;accompagne des personnes en psychoth\u00e9rapies individuelles et de couples, j&#8217;anime des &hellip; <a href=\"https:\/\/www.psyenyvelines.com\/\" class=\"more-link\">Continuer la lecture de <span class=\"screen-reader-text\">Accueil<\/span><\/a><\/p>\n","protected":false},"author":1,"featured_media":0,"parent":0,"menu_order":0,"comment_status":"closed","ping_status":"closed","template":"","meta":{"footnotes":""},"class_list":["post-2","page","type-page","status-publish","hentry"],"_links":{"self":[{"href":"https:\/\/www.psyenyvelines.com\/index.php?rest_route=\/wp\/v2\/pages\/2","targetHints":{"allow":["GET"]}}],"collection":[{"href":"https:\/\/www.psyenyvelines.com\/index.php?rest_route=\/wp\/v2\/pages"}],"about":[{"href":"https:\/\/www.psyenyvelines.com\/index.php?rest_route=\/wp\/v2\/types\/page"}],"author":[{"embeddable":true,"href":"https:\/\/www.psyenyvelines.com\/index.php?rest_route=\/wp\/v2\/users\/1"}],"replies":[{"embeddable":true,"href":"https:\/\/www.psyenyvelines.com\/index.php?rest_route=%2Fwp%2Fv2%2Fcomments&post=2"}],"version-history":[{"count":31,"href":"https:\/\/www.psyenyvelines.com\/index.php?rest_route=\/wp\/v2\/pages\/2\/revisions"}],"predecessor-version":[{"id":263,"href":"https:\/\/www.psyenyvelines.com\/index.php?rest_route=\/wp\/v2\/pages\/2\/revisions\/263"}],"wp:attachment":[{"href":"https:\/\/www.psyenyvelines.com\/index.php?rest_route=%2Fwp%2Fv2%2Fmedia&parent=2"}],"curies":[{"name":"wp","href":"https:\/\/api.w.org\/{rel}","templated":true}]}}